{"id":220,"date":"2018-01-27T22:29:52","date_gmt":"2018-01-27T21:29:52","guid":{"rendered":"http:\/\/zsht.pl\/strona\/?page_id=220"},"modified":"2025-09-08T13:53:51","modified_gmt":"2025-09-08T11:53:51","slug":"nauczyciele","status":"publish","type":"page","link":"http:\/\/zsht.pl\/strona\/index.php\/nauczyciele\/","title":{"rendered":"Nauczyciele"},"content":{"rendered":"<p><img loading=\"lazy\" class=\"alignnone size-full wp-image-234\" src=\"http:\/\/zsht.pl\/strona\/wp-content\/uploads\/2018\/01\/nauczyciele.jpg\" alt=\"\" width=\"1900\" height=\"690\" srcset=\"http:\/\/zsht.pl\/strona\/wp-content\/uploads\/2018\/01\/nauczyciele.jpg 1900w, http:\/\/zsht.pl\/strona\/wp-content\/uploads\/2018\/01\/nauczyciele-300x109.jpg 300w, http:\/\/zsht.pl\/strona\/wp-content\/uploads\/2018\/01\/nauczyciele-768x279.jpg 768w, http:\/\/zsht.pl\/strona\/wp-content\/uploads\/2018\/01\/nauczyciele-1024x372.jpg 1024w\" sizes=\"(max-width: 1900px) 100vw, 1900px\" \/><\/p>\n<p><strong>Dyrekcja<\/strong><\/p>\n<p>mgr Zdzis\u0142aw Kr\u00f3\u017cel &#8211; dyrektor<br \/>\nmgr Ma\u0142gorzata Michalska &#8211; wicedyrektor<br \/>\nmgr Jolanta Knapik &#8211; wicedyrektor<br \/>\nmgr Tomasz Matyja &#8211; wicedyrektor<\/p>\n<p>&nbsp;<\/p>\n<p><strong>Pedagodzy<\/strong><\/p>\n<p>mgr Katarzyna Szurlej &#8211; pedagog, pedagog specjalny<br \/>\nmgr Maria Lewandowska &#8211; psycholog<br \/>\nmgr Barbara Knapczyk &#8211; pedagog<br \/>\nmgr Szymon P\u0119kala &#8211; pedagog specjalny<\/p>\n<p><strong>J\u0119zyk polski<\/strong><br \/>\nmgr Ma\u0142gorzata Bachleda-Ksi\u0119dzularz<br \/>\nmgr Aleksandra Bort<br \/>\ns. mgr Joanna Ja\u017cd\u017cewska<br \/>\nmgr Renata Ry\u015b<br \/>\nmgr Ma\u0142gorzata Stanek<br \/>\nmgr Halina Styrczula<\/p>\n<p><strong>J\u0119zyk angielski<\/strong><br \/>\nmgr Adam Sagu\u0142a<br \/>\nmgr Justyna Dziobo\u0144<br \/>\nmgr Magdalena Gronka<br \/>\nmgr Monika Guzik<br \/>\nmgr Piotr Guzik<br \/>\nmgr Danuta Karpiel-Zwijacz<br \/>\nmgr Ewa Ko\u0142odziej<br \/>\nmgr Justyna Kr\u00f3l-J\u00f3zaga<br \/>\nmgr Sebastian Kucharski<br \/>\nmgr Jolanta Podsiad\u0142owska<\/p>\n<p><strong>J\u0119zyk niemiecki<\/strong><\/p>\n<p>mgr Joanna Chmielowska<br \/>\nmgr Justyna Kucharska<br \/>\nmgr Sylwia Dawidziuk<\/p>\n<p><strong>J\u0119zyk francuski<\/strong><\/p>\n<p>mgr Anna Dziadosz<br \/>\nmgr Helena G\u0105sienica-Roj<\/p>\n<p><strong>Matematyka<\/strong><\/p>\n<p>mgr Anna Dziadkowiec-Bylina<br \/>\nmgr Joanna Dziedziech<br \/>\nmgr Pawe\u0142 Elantkowski<br \/>\nmgr Jolanta Knapik<br \/>\nmgr Zdzis\u0142aw Kr\u00f3\u017cel<br \/>\nmgr Piotr Skowyra<\/p>\n<p><strong>Informatyka<\/strong><\/p>\n<p>mgr in\u017c. Marcin Mirski<br \/>\nmgr Artur Trepka<br \/>\nmgr Adrian Zaj\u0105c<br \/>\nmgr in\u017c. Maria Zubek<\/p>\n<p><strong>Historia\/WOS<\/strong><\/p>\n<p>mgr Katarzyna Dziewo\u0144ska-Kachnic<br \/>\nmgr Stanis\u0142awa Gryglak<br \/>\nmgr Bernadetta Podsada<br \/>\nmgr Szymon P\u0119kala<\/p>\n<p><strong>Historia i tera\u017aniejszo\u015b\u0107<br \/>\n<\/strong><\/p>\n<p>mgr Stanis\u0142awa Gryglak<\/p>\n<p><strong>Biologia<\/strong><\/p>\n<p>mgr Witold Gizak<br \/>\nmgr Marta G\u00f3rka<br \/>\nmgr Agata Maraszewska<\/p>\n<p><strong>Chemia<\/strong><\/p>\n<p>mgr Witold Gizak<br \/>\nmgr Iwona Nem\u015b<br \/>\nmgr Agata Maraszewska<\/p>\n<p><strong>Fizyka<\/strong><\/p>\n<p>mgr Anna Dziadkowiec-Bylina<br \/>\nmgr Witold Gizak<\/p>\n<p><strong>Geografia<\/strong><\/p>\n<p>mgr Marta Kluszczy\u0144ska<br \/>\nmgr Ewelina P\u0119kala<\/p>\n<p><strong>Edukacja dla bezpiecze\u0144stwa<\/strong><\/p>\n<p>mgr Witold Gizak<\/p>\n<p><strong>WF<\/strong><\/p>\n<p>mgr Wioletta Dobrowolska<br \/>\nmgr Maciej G\u0105sienica-Walczak<br \/>\nmgr Agnieszka G\u00f3rniak<br \/>\nmgr Rados\u0142aw Jakubski<br \/>\nmgr Joanna Kowal\u00f3w<br \/>\nmgr Leszek Lesisz<br \/>\nmgr Daniel Tylka<\/p>\n<p><strong>Religia<\/strong><\/p>\n<p>s. mgr Bogus\u0142awa Fijo\u0142ek<br \/>\ns. mgr Joanna Ja\u017cd\u017cewska<br \/>\nmgr Renata Twardak<\/p>\n<p><strong>Edukacja wojskowa<\/strong><\/p>\n<p>mgr Andrzej Szczepaniak<\/p>\n<p><strong>Przedmioty zawodowe &#8211; hotelarsko-turystyczne<\/strong><\/p>\n<p>mgr Marta Gawlas<br \/>\nmgr Tomasz Matyja<br \/>\nmgr Barbara Nowaczyk<br \/>\nmgr Agata Serwicka<br \/>\nmgr Marta Szymlak<br \/>\ndr Joanna Z\u0105bkowska-Para<br \/>\nmgr Damian Krawczykowski<\/p>\n<p><strong>Przedmioty zawodowe &#8211; ekonomiczne, podstawy przedsi\u0119biorczo\u015bci, biznes i zarz\u0105dzanie<br \/>\n<\/strong><\/p>\n<p>mgr Maria Daniluk<br \/>\nmgr Danuta Larkowska<br \/>\nmgr Ma\u0142gorzata Michalska<br \/>\nmgr Barbara Nowaczyk<br \/>\nmgr Anna Szczechowicz<br \/>\nmgr Danuta Trebunia-Pawlikowska<\/p>\n<p><strong>Przedmioty zawodowe &#8211; informatyczne<\/strong><\/p>\n<p>mgr in\u017c. Wac\u0142aw Kuchta<br \/>\nmgr in\u017c. Marcin Mirski<br \/>\nin\u017c. Dominik Mo\u017cd\u017ce\u0144<br \/>\nmgr in\u017c. Pawe\u0142 \u015alusarczyk<br \/>\nmgr Adrian Zaj\u0105c<\/p>\n<p><strong>Przedmioty zawodowe &#8211; gastronomiczne<\/strong><\/p>\n<p>mgr in\u017c. Rafa\u0142 Dorociuk<br \/>\nmgr in\u017c. Danuta Gruszczak<br \/>\nmgr in\u017c. Ma\u0142gorzata Guzal-Wo\u017aniak<br \/>\nmgr in\u017c. Ma\u0142gorzata Karpiel<br \/>\nmgr in\u017c. Magdalena Skonecka<br \/>\nmgr Renata Twardak<\/p>\n<p><strong>Przedmioty zawodowe &#8211; fryzjerstwo<\/strong><\/p>\n<p>Katarzyna \u017bo\u0142nierczyk<\/p>\n<p><strong>Biblioteka<\/strong><\/p>\n<p>mgr Natalia Matyga<br \/>\nmgr in\u017c. Ma\u0142gorzata Guzal-Wo\u017aniak<br \/>\nmgr Ma\u0142gorzata Stanek<\/p>\n<p><strong>Internat<\/strong><\/p>\n<p>mgr Pawe\u0142 Kyc &#8211; kierownik internatu<\/p>\n<p><strong>Wychowawcy<\/strong><\/p>\n<p>mgr Ma\u0142gorzata Bro\u0144ska<br \/>\nmgr W\u0142adys\u0142aw Filar<br \/>\nmgr Barbara Knapczyk<br \/>\nmgr Ma\u0142gorzata Kot<br \/>\nmgr Arkadiusz Mateja<\/p>\n","protected":false},"excerpt":{"rendered":"<p>Dyrekcja mgr Zdzis\u0142aw Kr\u00f3\u017cel &#8211; dyrektor mgr Ma\u0142gorzata Michalska &#8211; wicedyrektor mgr Jolanta Knapik &#8211; wicedyrektor mgr Tomasz Matyja &#8211; wicedyrektor &nbsp; Pedagodzy mgr Katarzyna Szurlej &#8211; pedagog, pedagog specjalny mgr Maria Lewandowska &#8211; psycholog mgr Barbara Knapczyk &#8211; pedagog<\/p>\n","protected":false},"author":1,"featured_media":0,"parent":0,"menu_order":0,"comment_status":"closed","ping_status":"closed","template":"szkola.php","meta":[],"_links":{"self":[{"href":"http:\/\/zsht.pl\/strona\/index.php\/wp-json\/wp\/v2\/pages\/220"}],"collection":[{"href":"http:\/\/zsht.pl\/strona\/index.php\/wp-json\/wp\/v2\/pages"}],"about":[{"href":"http:\/\/zsht.pl\/strona\/index.php\/wp-json\/wp\/v2\/types\/page"}],"author":[{"embeddable":true,"href":"http:\/\/zsht.pl\/strona\/index.php\/wp-json\/wp\/v2\/users\/1"}],"replies":[{"embeddable":true,"href":"http:\/\/zsht.pl\/strona\/index.php\/wp-json\/wp\/v2\/comments?post=220"}],"version-history":[{"count":27,"href":"http:\/\/zsht.pl\/strona\/index.php\/wp-json\/wp\/v2\/pages\/220\/revisions"}],"predecessor-version":[{"id":17533,"href":"http:\/\/zsht.pl\/strona\/index.php\/wp-json\/wp\/v2\/pages\/220\/revisions\/17533"}],"wp:attachment":[{"href":"http:\/\/zsht.pl\/strona\/index.php\/wp-json\/wp\/v2\/media?parent=220"}],"curies":[{"name":"wp","href":"https:\/\/api.w.org\/{rel}","templated":true}]}}