{"id":2951,"date":"2019-02-20T09:24:52","date_gmt":"2019-02-20T08:24:52","guid":{"rendered":"http:\/\/zsht.pl\/strona\/?page_id=2951"},"modified":"2019-02-20T09:30:06","modified_gmt":"2019-02-20T08:30:06","slug":"rekrutacja-2019-2020","status":"publish","type":"page","link":"http:\/\/zsht.pl\/strona\/index.php\/rekrutacja-2019-2020\/","title":{"rendered":"Rekrutacja 2019\/2020"},"content":{"rendered":"<h2>Rekrutacji do klas pierwszych Zespo\u0142u Szk\u00f3\u0142 Hotelarsko Turystycznych<\/h2>\n<p>&nbsp;<\/p>\n<p><a href=\"http:\/\/zsht.pl\/strona\/index.php\/zasady-rekrutacji-2019-2020-dla-absolwentow-gimnazjum\/\">Zasady rekrutacji dla absolwent\u00f3w gimnazjum<\/a><\/p>\n<p><a href=\"http:\/\/zsht.pl\/strona\/index.php\/zasady-rekrutacji-2019-2020-dla-absolwentow-szkoly-podstawowej\/\">Zasady rekrutacji dla absolwent\u00f3w szko\u0142y podstawowej<\/a><\/p>\n","protected":false},"excerpt":{"rendered":"<p>Rekrutacji do klas pierwszych Zespo\u0142u Szk\u00f3\u0142 Hotelarsko Turystycznych &nbsp; Zasady rekrutacji dla absolwent\u00f3w gimnazjum Zasady rekrutacji dla absolwent\u00f3w szko\u0142y podstawowej<\/p>\n","protected":false},"author":1,"featured_media":0,"parent":0,"menu_order":0,"comment_status":"closed","ping_status":"closed","template":"","meta":[],"_links":{"self":[{"href":"http:\/\/zsht.pl\/strona\/index.php\/wp-json\/wp\/v2\/pages\/2951"}],"collection":[{"href":"http:\/\/zsht.pl\/strona\/index.php\/wp-json\/wp\/v2\/pages"}],"about":[{"href":"http:\/\/zsht.pl\/strona\/index.php\/wp-json\/wp\/v2\/types\/page"}],"author":[{"embeddable":true,"href":"http:\/\/zsht.pl\/strona\/index.php\/wp-json\/wp\/v2\/users\/1"}],"replies":[{"embeddable":true,"href":"http:\/\/zsht.pl\/strona\/index.php\/wp-json\/wp\/v2\/comments?post=2951"}],"version-history":[{"count":2,"href":"http:\/\/zsht.pl\/strona\/index.php\/wp-json\/wp\/v2\/pages\/2951\/revisions"}],"predecessor-version":[{"id":2958,"href":"http:\/\/zsht.pl\/strona\/index.php\/wp-json\/wp\/v2\/pages\/2951\/revisions\/2958"}],"wp:attachment":[{"href":"http:\/\/zsht.pl\/strona\/index.php\/wp-json\/wp\/v2\/media?parent=2951"}],"curies":[{"name":"wp","href":"https:\/\/api.w.org\/{rel}","templated":true}]}}