{"id":5899,"date":"2021-06-14T13:54:11","date_gmt":"2021-06-14T11:54:11","guid":{"rendered":"http:\/\/zsht.pl\/strona\/?page_id=5899"},"modified":"2023-03-01T15:24:59","modified_gmt":"2023-03-01T14:24:59","slug":"projekt-erasmus","status":"publish","type":"page","link":"http:\/\/zsht.pl\/strona\/index.php\/projekt-erasmus\/","title":{"rendered":"Projekt Erasmus+ &#8211; &#8222;Profesjonalne praktyki zawodowe&#8221;"},"content":{"rendered":"<h2><\/h2>\n<h2 class=\"subject\" style=\"text-align: center;\">Projekt Erasmus+ &#8211; &#8222;Profesjonalne praktyki zawodowe&#8221;<\/h2>\n<p>&nbsp;<\/p>\n<p style=\"text-align: center;\"><iframe id=\"s_pdf_frame\" src=\"\/\/docs.google.com\/gview?embedded=true&url=http:\/\/zsht.pl\/strona\/wp-content\/uploads\/2021\/06\/IV-projekt-informacje.pdf\" style=\"width: 800px; height:1050px;\" frameborder=\"0\"><\/iframe><\/p>\n<p>&nbsp;<\/p>\n<p>&nbsp;<\/p>\n<p style=\"text-align: center;\"><strong>FILMOWE REMINISCENCJE &#8211; jeszcze o Salonikach, Maladze i Erazmusach.<\/strong><\/p>\n<p>Podczas podsumowania projektu: pt. \u201eProfesjonalne\u00a0 praktyki zawodowe\u201d o numerze\u00a0 2020-1-PL01-KA102-078208 wsp\u00f3\u0142finansowanego w ramach programu Unii Europejskiej Erasmus+\u00a0 uda\u0142o si\u0119 nagra\u0107 kilka wypowiedzi os\u00f3b zaanga\u017cowanych w projekt. O idei zagranicznych praktyk wypowiedzia\u0142 si\u0119 dyrektor Zdzis\u0142aw Kr\u00f3\u017cel. Wra\u017ceniami z pobytu w Maladze podzieli\u0142 si\u0119 jeden z opiekun\u00f3w &#8211; Pan Sebastian\u00a0 Kucharski, a nast\u0119pnie sami praktykanci: Gabriela Anto\u0142, Mateusz Top\u00f3r, Micha\u0142 Cudzich opowiedzieli o pobycie w Hiszpanii i Grecji.<\/p>\n<p>Wszyscy rozm\u00f3wcy podkre\u015blali, \u017ce opr\u00f3cz poszerzenia merytorycznej wiedzy i umiej\u0119tno\u015bci, bezcenn\u0105 warto\u015bci\u0105 okaza\u0142 si\u0119 te\u017c kontakt z odmienn\u0105 kultur\u0105 i j\u0119zykiem.<\/p>\n<p>&nbsp;<\/p>\n<p><strong>Artyku\u0142y opublikowane przez media:<\/strong><\/p>\n<p><a href=\"http:\/\/zsht.pl\/strona\/wp-content\/uploads\/2023\/02\/Artykul-do-Tygodnika-Podhalanskiego-wersja-poprawiona.pdf\"><button class=\"text-uppercase\">Tygodnik Podhala\u0144ski<\/button><\/a><br \/>\n<a href=\"https:\/\/www.powiat.tatry.pl\/index.php\/news\/edukacja\/1203-profesjonalne-praktyki-zawodowe-podsumowanie-projektu-2\"><button class=\"text-uppercase\">13.10.2022 &#8211; Strona Starostwa Powiatowego w Zakopanem<\/button><\/a><br \/>\n<a href=\"https:\/\/24tp.pl\/n\/99733\"><button class=\"text-uppercase\">16.10.2022 &#8211; 24tp.pl<\/button><\/a><br \/>\n<a href=\"https:\/\/nowytarg24.tv\/profesjonalne-praktyki-zawodowe-podsumowanie-projektu\/ \"><button class=\"text-uppercase\">18.12.2022 &#8211; nowytarg24.tv<\/button><\/a><\/p>\n<p>&nbsp;<\/p>\n<p><strong>Aktualno\u015bci na stronie szko\u0142y:<\/strong><\/p>\n<p><a href=\"http:\/\/zsht.pl\/strona\/index.php\/2022\/03\/15\/uczniowie-technikum-nr-2-w-zespole-szkol-hotelarsko-turystycznych-w-zakopanem-na-praktykach-zawodowych-w-grecji\/\"><button class=\"text-uppercase\">15.03.2022- Uczniowie Technikum nr 2 na praktykach zawodowych w Grecji<\/button><\/a><br \/>\n<a href=\"http:\/\/zsht.pl\/strona\/index.php\/2022\/12\/01\/profesjonalne-praktyki-zawodowe-podsumowanie-projektu\/ \"><button class=\"text-uppercase\">01.12.2022 &#8211; podsumowanie projektu<\/button><\/a><\/p>\n<p>&nbsp;<\/p>\n<p><strong>Materia\u0142y ze szkolnego profilu facebook:<\/strong><\/p>\n<p><a href=\"https:\/\/www.facebook.com\/szkolazshtzakopane\/posts\/pfbid0chcxcf2mLjnYc1ssHap23mvsXUouQJH6hTExMCrQEmm6k1kUvHUDDNJyV459SVmul\"><button class=\"text-uppercase\">19 wrze\u015bnia 2022<\/button><\/a><br \/>\n<a href=\"https:\/\/www.facebook.com\/szkolazshtzakopane\/posts\/pfbid0NGk1suaVixPCFfFCM3tXqGW2HGP5CbJUmX1RLfsbfaDj489RXkBvBDTNaLdJngVfl? \"><button class=\"text-uppercase\">20 wrze\u015bnia 2022<\/button><\/a><br \/>\n<a href=\"https:\/\/www.facebook.com\/szkolazshtzakopane\/posts\/pfbid02v982wbvo7JJNPKvUEbdwonedmv42Ntb1VT8EGu8dH1UDf1ZJaGWwiasx9PWjGDDYl \"><button class=\"text-uppercase\">26 wrze\u015bnia 2022<\/button><\/a><br \/>\n<a href=\"https:\/\/www.facebook.com\/szkolazshtzakopane\/posts\/pfbid02qYDJoWzi1oNmrHy3bDWZ45f9LCmkCJbr9Wdu7Pidh78C4zz9hZRd6ajUiRZGtvhtl? \"><button class=\"text-uppercase\">28 wrze\u015bnia 2022<\/button><\/a><br \/>\n<a href=\"https:\/\/www.facebook.com\/szkolazshtzakopane\/posts\/pfbid0dXEZn5Y6kSjXZ66ZwfQUT8ePNaCycqXGtgFHjWKacxwhQbcFbeCK2ppphN6tpnY8l? \"><button class=\"text-uppercase\">29 wrze\u015bnia 2022&lt;<\/button><\/a><br \/>\n<a href=\"https:\/\/www.facebook.com\/szkolazshtzakopane\/posts\/pfbid04NGHfD5mY9pRFMvw1GVXNkWka3QtRPG2RZfyDXv3eB8YHxYJiRPiHTBBbwMpb4MTl\"><button class=\"text-uppercase\">2 pa\u017adziernika 2022<\/button><\/a><br \/>\n<a href=\"https:\/\/www.facebook.com\/szkolazshtzakopane\/posts\/pfbid034oGeWhqdbKyYGH2BUqPuSyE62hj6RrbFdH65bAmn9xrnkWHJSKzqzVVhTz1pCzD4l?_ \"><button class=\"text-uppercase\">6 pa\u017adziernika 2022<\/button><\/a><br \/>\n<a href=\"https:\/\/www.facebook.com\/szkolazshtzakopane\/posts\/pfbid0P9rPbX9vMw2ELHHxGUAnHjVwsQMTCWLXvQvg9gE6vyk8TQgjDsa4xh5gJjmQeq4rl? \"><button class=\"text-uppercase\">7 pa\u017adziernika 2022<\/button><\/a><br \/>\n<a href=\"https:\/\/www.facebook.com\/szkolazshtzakopane\/posts\/pfbid02pKLRMzAyW3YNHDdQsRdL4n63pWXT8wYVJ9H7odDcL9qmFzfkZL52niF8hBkUTtm7l \"><button class=\"text-uppercase\">9 pa\u017adziernika 2022<\/button><\/a><\/p>\n<p>&nbsp;<\/p>\n<p><strong>Materia\u0142y filmowe z projektu:<\/strong><\/p>\n<p><a href=\"https:\/\/drive.google.com\/drive\/folders\/1MvmEoC75iQdegmUWo_zA1Vm-o_pTyrDC?usp=sharing\"><button class=\"text-uppercase\">Wywiady<\/button><\/a><br \/>\n<a href=\"https:\/\/youtu.be\/9xuDL47aMJA \"><button class=\"text-uppercase\">29.11.2022 &#8211; film stworzony przez ucznia &#8211; Micha\u0142a Skowyr\u0119<\/button><\/a><br \/>\n<a href=\"https:\/\/m.facebook.com\/story.php?story_fbid=pfbid02eiuX4H3LuLYCwsuxr8iwEcfQSVnaU7UdpqhuRSWg8XBAc8oe9n7RENaAMQJkWVaFl&amp;id=100040968833629 \"><button class=\"text-uppercase\">Gotowanie &#8211; Grecja<\/button><\/a><\/p>\n<p>&nbsp;<\/p>\n<p><strong>Prezentacje uczni\u00f3w:<\/strong><\/p>\n<p><a href=\"https:\/\/docs.google.com\/presentation\/d\/1Kib7c-H1v-N5vUgFE81AD0bbuclS2iZF3JBSfq1jxMk\/edit\"><button class=\"text-uppercase\">Prezentacja &#8211; Saloniki<\/button><\/a><br \/>\n<a href=\"http:\/\/zsht.pl\/strona\/wp-content\/uploads\/2023\/02\/MALAGA 2022 poprawiona.pptx\"><button class=\"text-uppercase\">Prezentacja &#8211; Malaga<\/button><\/a><br \/>\n<a href=\"http:\/\/zsht.pl\/strona\/wp-content\/uploads\/2023\/03\/Malaga - atrakcje.pptx\"><button class=\"text-uppercase\">Prezentacja &#8211; Malaga &#8211; atrakcje<\/button><\/a><\/p>\n<p>&nbsp;<\/p>\n","protected":false},"excerpt":{"rendered":"<p>Projekt Erasmus+ &#8211; &#8222;Profesjonalne praktyki zawodowe&#8221; &nbsp; &nbsp; &nbsp; FILMOWE REMINISCENCJE &#8211; jeszcze o Salonikach, Maladze i Erazmusach. Podczas podsumowania projektu: pt. \u201eProfesjonalne\u00a0 praktyki zawodowe\u201d o numerze\u00a0 2020-1-PL01-KA102-078208 wsp\u00f3\u0142finansowanego w ramach programu Unii Europejskiej Erasmus+\u00a0 uda\u0142o si\u0119 nagra\u0107 kilka wypowiedzi<\/p>\n","protected":false},"author":3,"featured_media":0,"parent":0,"menu_order":0,"comment_status":"closed","ping_status":"closed","template":"","meta":[],"_links":{"self":[{"href":"http:\/\/zsht.pl\/strona\/index.php\/wp-json\/wp\/v2\/pages\/5899"}],"collection":[{"href":"http:\/\/zsht.pl\/strona\/index.php\/wp-json\/wp\/v2\/pages"}],"about":[{"href":"http:\/\/zsht.pl\/strona\/index.php\/wp-json\/wp\/v2\/types\/page"}],"author":[{"embeddable":true,"href":"http:\/\/zsht.pl\/strona\/index.php\/wp-json\/wp\/v2\/users\/3"}],"replies":[{"embeddable":true,"href":"http:\/\/zsht.pl\/strona\/index.php\/wp-json\/wp\/v2\/comments?post=5899"}],"version-history":[{"count":27,"href":"http:\/\/zsht.pl\/strona\/index.php\/wp-json\/wp\/v2\/pages\/5899\/revisions"}],"predecessor-version":[{"id":9558,"href":"http:\/\/zsht.pl\/strona\/index.php\/wp-json\/wp\/v2\/pages\/5899\/revisions\/9558"}],"wp:attachment":[{"href":"http:\/\/zsht.pl\/strona\/index.php\/wp-json\/wp\/v2\/media?parent=5899"}],"curies":[{"name":"wp","href":"https:\/\/api.w.org\/{rel}","templated":true}]}}