{"id":738,"date":"2018-02-26T21:13:04","date_gmt":"2018-02-26T20:13:04","guid":{"rendered":"http:\/\/zsht.pl\/strona\/?page_id=738"},"modified":"2025-10-24T08:10:29","modified_gmt":"2025-10-24T06:10:29","slug":"godziny-pracy-pedagoga-szkolnego","status":"publish","type":"page","link":"http:\/\/zsht.pl\/strona\/index.php\/godziny-pracy-pedagoga-szkolnego\/","title":{"rendered":"Pedagog"},"content":{"rendered":"<p style=\"text-align: center;\"><a class=\" mx-2\" href=\"http:\/\/zsht.pl\/strona\/index.php\/godziny-pracy-pedagoga-szkolnego\/\"><button>Godziny pracy pedagog\u00f3w<\/button><\/a><a class=\" mx-2\" href=\"http:\/\/zsht.pl\/strona\/index.php\/wazne-telefony-i-adresy\/\"><button>Wa\u017cne telefony i adresy<\/button><\/a><\/p>\n<table style=\"width: 100%; border-style: none; border-color: #ffffff;\">\n<tbody>\n<tr>\n<td style=\"width: 50%;\">\n<h2>Pedagog<\/h2>\n<h4>mgr Katarzyna Szurlej<\/h4>\n<p>poniedzia\u0142ek\u00a0 10.00 &#8211; 15.00<\/p>\n<p>wtorek\u00a0 \u00a0 \u00a0 \u00a0 \u00a0 \u00a0 10.00 &#8211; 15.00<\/p>\n<p>\u015broda\u00a0 \u00a0 \u00a0 \u00a0 \u00a0 \u00a0 \u00a0 \u00a08.00 &#8211; 13.30<\/p>\n<p>czwartek\u00a0 \u00a0 \u00a0 \u00a0 \u00a08.45 &#8211; 13.45<\/p>\n<p>pi\u0105tek\u00a0 \u00a0 \u00a0 \u00a0 \u00a0 \u00a0 \u00a0 8.00 &#8211; 13.30<\/p>\n<p>Pok\u00f3j nr 402<\/td>\n<td style=\"width: 50%;\">\n<h2>Psycholog szkolny<\/h2>\n<h4>mgr Maria Ma\u0142gorzata Lewandowska<\/h4>\n<p>poniedzia\u0142ek\u00a0\u00a0\u00a0\u00a0 8.00 &#8211; 13.00<\/p>\n<p>wtorek\u00a0\u00a0\u00a0\u00a0\u00a0\u00a0\u00a0\u00a0\u00a0\u00a0\u00a0\u00a0\u00a0\u00a0 8.00 &#8211; 13.00<\/p>\n<p>\u015broda\u00a0\u00a0\u00a0\u00a0\u00a0\u00a0\u00a0\u00a0\u00a0\u00a0\u00a0\u00a0\u00a0\u00a0\u00a0\u00a0 8.00 &#8211; 13.00<\/p>\n<p>czwartek\u00a0\u00a0\u00a0\u00a0\u00a0\u00a0\u00a0\u00a0\u00a0\u00a0 8.00 &#8211; 15.00<\/p>\n<p>pi\u0105tek\u00a0\u00a0\u00a0\u00a0\u00a0\u00a0\u00a0\u00a0\u00a0\u00a0\u00a0\u00a0\u00a0\u00a0\u00a0 8.00 &#8211; 13.00<\/p>\n<p>Internat pok\u00f3j nr 5<\/td>\n<\/tr>\n<tr>\n<td style=\"width: 50%;\">\n<h2>Pedagog<\/h2>\n<h4>mgr Barbara Knapczyk<\/h4>\n<p>poniedzia\u0142ek\u00a0 \u00a0 \u00a0 \u00a08.00 &#8211; 10.00<\/p>\n<p>wtorek\u00a0 \u00a0 \u00a0 \u00a0 \u00a0 \u00a0 \u00a0 \u00a0 \u00a0 8.00 &#8211; 11.00<\/p>\n<p>\u015broda\u00a0 \u00a0 \u00a0 \u00a0 \u00a0 \u00a0 \u00a0 \u00a0 \u00a0 \u00a0 8.00 &#8211; 11.00<\/p>\n<p>Pok\u00f3j nr 405<\/td>\n<td style=\"width: 50%;\">\n<h2>Pedagog specjalny<\/h2>\n<h4>mgr Szymon P\u0119kala<\/h4>\n<p>poniedzia\u0142ek\u00a0\u00a0\u00a0\u00a0 8.00 &#8211; 13.15<\/p>\n<p>wtorek\u00a0 \u00a0 \u00a0 \u00a0 \u00a0 \u00a0 \u00a0 \u00a08.45 &#8211; 13.15<\/p>\n<p>\u015broda\u00a0 \u00a0 \u00a0 \u00a0 \u00a0 \u00a0 \u00a0 \u00a0 \u00a09.45 &#8211; 15.00<\/p>\n<p>czwartek\u00a0\u00a0\u00a0\u00a0\u00a0\u00a0\u00a0\u00a0\u00a0\u00a0 8.00 &#8211; 13.00<\/p>\n<p>pi\u0105tek\u00a0\u00a0\u00a0\u00a0\u00a0\u00a0\u00a0\u00a0\u00a0\u00a0\u00a0\u00a0\u00a0\u00a0\u00a0 8.00 &#8211; 12.30\u00a0 13.30-15.00<\/p>\n<p>Pok\u00f3j nr 405<\/td>\n<\/tr>\n<\/tbody>\n<\/table>\n<p>&nbsp;<\/p>\n","protected":false},"excerpt":{"rendered":"<p>Godziny pracy pedagog\u00f3wWa\u017cne telefony i adresy Pedagog mgr Katarzyna Szurlej poniedzia\u0142ek\u00a0 10.00 &#8211; 15.00 wtorek\u00a0 \u00a0 \u00a0 \u00a0 \u00a0 \u00a0 10.00 &#8211; 15.00 \u015broda\u00a0 \u00a0 \u00a0 \u00a0 \u00a0 \u00a0 \u00a0 \u00a08.00 &#8211; 13.30 czwartek\u00a0 \u00a0 \u00a0 \u00a0 \u00a08.45 &#8211; 13.45<\/p>\n","protected":false},"author":1,"featured_media":0,"parent":0,"menu_order":0,"comment_status":"closed","ping_status":"closed","template":"uczen.php","meta":[],"_links":{"self":[{"href":"http:\/\/zsht.pl\/strona\/index.php\/wp-json\/wp\/v2\/pages\/738"}],"collection":[{"href":"http:\/\/zsht.pl\/strona\/index.php\/wp-json\/wp\/v2\/pages"}],"about":[{"href":"http:\/\/zsht.pl\/strona\/index.php\/wp-json\/wp\/v2\/types\/page"}],"author":[{"embeddable":true,"href":"http:\/\/zsht.pl\/strona\/index.php\/wp-json\/wp\/v2\/users\/1"}],"replies":[{"embeddable":true,"href":"http:\/\/zsht.pl\/strona\/index.php\/wp-json\/wp\/v2\/comments?post=738"}],"version-history":[{"count":47,"href":"http:\/\/zsht.pl\/strona\/index.php\/wp-json\/wp\/v2\/pages\/738\/revisions"}],"predecessor-version":[{"id":18133,"href":"http:\/\/zsht.pl\/strona\/index.php\/wp-json\/wp\/v2\/pages\/738\/revisions\/18133"}],"wp:attachment":[{"href":"http:\/\/zsht.pl\/strona\/index.php\/wp-json\/wp\/v2\/media?parent=738"}],"curies":[{"name":"wp","href":"https:\/\/api.w.org\/{rel}","templated":true}]}}